t k = 19 + -48. Let d = k - -332. What are the prime factors of d?
3, 101
Let n = 10 - 3. Let f = -6 + n. Let h(q) = 75*q**3 - 3*q + 3. What are the prime factors of h(f)?
3, 5
Suppose 4*l + i - 12705 = 0, -4*l + 7401 + 5319 = 4*i. List the prime factors of -2 + l/15 - 4/(-12).
2, 3, 5, 7
Suppose -3847*o = -3848*o + 44703. What are the prime factors of o?
3, 4967
Let b = 18462 + -8488. List the prime factors of b.
2, 4987
Suppose -495*v = -440*v - 548130. What are the prime factors of v?
2, 3, 11, 151
Suppose 10497 - 218481 = -32*b - 13488. List the prime factors of b.
2, 3, 1013
Suppose 0 = -4*q + 2*x + 24, -5*x + 8 = q + 24. Suppose 4*z - 1057 = 3*t, q*t = -z + 161 + 108. List the prime factors of z.
5, 53
Let i(b) = 664*b - 1276. List the prime factors of i(4).
2, 3, 5, 23
Suppose 2*v - 4*q - 3858 = 1986, -4*v = -q - 11688. Suppose 15*l - 9987 = -v. List the prime factors of l.
3, 157
Let t(j) = 1444*j - 171. What are the prime factors of t(2)?
11, 13, 19
Suppose 5*x - 81 = 14. Let d be ((-1)/(-3)*-3)/(16/128). Let i = x + d. List the prime factors of i.
11
Let f be (-85)/(-51)*(-36)/(-10). What are the prime factors of 14616/32*16/f?
2, 3, 7, 29
Let x = 58 - 55. Let h = 8 - x. Suppose 2*t + 4*p = 184, -2*t + 0*p = -h*p - 229. List the prime factors of t.
2, 3, 17
Let l(m) = -7*m**3 + 7*m**2 - 9*m + 32. Let o be l(4). Let n = -166 + 707. Let u = o + n. What are the prime factors of u?
3, 67
Suppose 120480 = -49*x + 79*x. List the prime factors of x.
2, 251
Let s(w) = 36 - 12*w**2 - 14*w**2 - 22*w**2 + 14*w**2 - 37*w - w**3. List the prime factors of s(-33).
2, 3, 7
Suppose 0 = -5*s + s + 4. Let q(p) = 9*p - 3. Let h be q(s). List the prime factors of ((-3275)/h)/(-5) - 1/6.
109
Let c = -892 - -1339. Let q = 238 + c. What are the prime factors of q?
5, 137
Let a(i) = -56*i + 1384. What are the prime factors of a(-43)?
2, 3, 79
Let g be (4 - 1)/((-19)/513). Let l = 221 + g. List the prime factors of l.
2, 5, 7
Let o be (63/(-35))/((-3)/15). Suppose -243 = 6*h - o*h. What are the prime factors of h?
3
Let x = -94520 + 169659. List the prime factors of x.
29, 2591
List the prime factors of ((-62)/7)/((-23)/65044*4).
2, 31, 101
List the prime factors of 3818892/77 + (-2 - -2 - 2).
2, 137, 181
Let n = -131 - -128. List the prime factors of 514 - n/3*-5.
509
Let p(x) = -1. Let y(z) = -42*z - 62. Let o(m) = -12*p(m) + y(m). List the prime factors of o(-4).
2, 59
Let d(r) = -2*r**3 + 34*r**2 - 9*r - 43. List the prime factors of d(16).
5, 13
Suppose -57*b + 71946 + 467730 = 0. What are the prime factors of b?
2, 3, 263
Suppose 314*r - 312*r = -3*s + 34822, 0 = -3*r + 3*s + 52263. List the prime factors of r.
17417
What are the prime factors of (22 + -24)*133647*2/36*-3?
44549
Let o be (-3 - ((-8)/(-4) - 6))*4. Suppose -2*x - 4 = -14. Suppose -5*u + 0*u + o*y + 365 = 0, 365 = x*u - 5*y. List the prime factors of u.
73
Let y(t) = t**2 - 29*t + 110. Let v be ((-2)/(-6))/((4 + 5)/972). What are the prime factors of y(v)?
2, 181
Let w(k) = -487*k**2 + 4*k + 2. Let a be w(-1). Let x be 15/(-10) + (-1)/(6/a). Suppose 0 = 2*h + x - 146. What are the prime factors of h?
3, 11
Let m(a) = a**3 - 11*a**2 + 17*a + 42. Let d be m(18). Let q = d - 1743. List the prime factors of q.
3, 97
Suppose 13*m - 18696 = 52804. Suppose b - 6*b = -m. List the prime factors of b.
2, 5, 11
Let z = -995 + 729. Let j = 858 + z. List the prime factors of j.
2, 37
Let d = 3577 + 9838. List the prime factors of d.
5, 2683
Let u(f) = -10*f**3 - 57*f**2 + 10*f + 12. What are the prime factors of u(-11)?
3, 5, 421
What are the prime factors of (-5 - -9946)*(-1)/((-7)/14)?
2, 9941
Suppose -3*u + 8 = -u. Suppose 0 = 7*j + 74 - 74. Suppose -5*b - 25 = j, 4*s = 3*s - u*b + 29. List the prime factors of s.
7
Suppose -4*y = 3*n - 54, y + 3*n - 22 = -2*n. Suppose 2070 = y*v + 18. Let d = -50 + v. List the prime factors of d.
11
Let k(o) = -o**3 - 24*o**2 + 24*o - 17. Let j be k(-25). Suppose 2*a - j = -4. Suppose 5*t - 3*g = 561, 0*g = -a*t + 2*g + 226. What are the prime factors of t?
3, 37
Let q(d) = -6*d**2 - 15 - 2*d + 2*d**3 + 7 + 10 + 9*d. Suppose 0 = -n - 2*n + 12. List the prime factors of q(n).
2, 31
Suppose 0 = 3*r - 5*i - 90947, 0 = -3*r + 84*i - 89*i + 90997. List the prime factors of r.
2, 3, 7, 19
What are the prime factors of (-104 - -51390)*(-4 - 36/(-8))?
25643
Let x(y) = -y + 1. Let i be x(-16). Suppose -i = 10*o - 17. List the prime factors of (1 + -4 + o)*(-210)/9.
2, 5, 7
Let d(s) = -s**3 - 8*s**2 + 67*s + 281. What are the prime factors of d(-24)?
7, 23
Let a(c) = 9*c**2 - 6*c - 3. Let m(z) = 26*z**2 - 17*z - 8. Let t(n) = -11*a(n) + 4*m(n). List the prime factors of t(-7).
2, 5, 13
What are the prime factors of (-74564)/(-3) - ((-2)/(-14) + 484/924)?
2, 17, 43
What are the prime factors of (45220/(-21))/(-2)*(-3)/(-2)?
5, 17, 19
Suppose -17*v + 26326 = -20709 - 328750. List the prime factors of v.
5, 4421
Suppose -18 = 4*m - 10*m. Suppose 2*l = -2*k - 2, -2*k - 2*k + m*l + 24 = 0. Suppose z + k*i - 83 = 0, -4*i = i. List the prime factors of z.
83
Suppose -3*a = -4*y + 102438, 4*y = 11*a + 50816 + 51670. List the prime factors of y.
3, 5, 569
Let z(m) = m**3 - 14*m**2 + 11*m + 31. Let x be z(13). Suppose x*s - 339 = 4*s. Suppose 2*p - 2*a - 190 = 0, a = 5*p - s - 144. What are the prime factors of p?
97
Let w(b) = -46*b - 25. Let j be w(-10). Let d = j - 89. List the prime factors of d.
2, 173
Suppose u + 27 = -3*c + 44, 0 = 2*u + 2. Suppose 2*l - 3*a - 1149 = 0, -1147 = -2*l - a + c*a. List the prime factors of l.
2, 3
Let l(f) = -3 + 0*f**3 - 92*f - 6 - 13*f**2 - f**3 + 74*f. Let d be l(-12). Let r = d + -24. List the prime factors of r.
3, 13
Suppose -5*t + 1297 = 3*m, -1 = 5*m - 4*m. Suppose 4*n + t = -0*n. Let c = 94 - n. What are the prime factors of c?
3, 53
Let u(z) = 9*z - 16. Let k(f) = -1. Let t(j) = 6*k(j) - u(j). Let v be t(2). Let c(p) = -19*p + 28. What are the prime factors of c(v)?
2, 3, 5
Let i = 47 - 42. Suppose 3*c + i*k - 31 = -0, -3 = c - k. Suppose -298 = -c*m - 3*b - 2*b, -566 = -4*m + 5*b. List the prime factors of m.
2, 3
Let l(c) = 4*c**2 - 7*c - 10. Let w be l(5). Suppose 2*p + w - 247 = 0. List the prime factors of p.
2, 3
Let b(y) = -y**3 + 17*y**2 + 45*y - 25. Let f(z) = -5*z + 154. Let s be f(28). What are the prime factors of b(s)?
1193
Let f be (1 + 56/16)*(-473 - 1). Let h = f - -3711. List the prime factors of h.
2, 3, 263
Let g(x) = -814*x**3 + 3*x**2 + 8*x + 14. List the prime factors of g(-2).
2, 3, 1087
Let u(w) = -w**2 - 13. Let a be u(-7). Let n = a + 96. List the prime factors of n/(-51) - 98/(-3).
2
Let p(z) be the third derivative of z**5/30 - 4*z**4/3 - 88*z**3/3 + 9*z**2 + 4*z. What are the prime factors of p(31)?
2, 13, 29
Let o be 24/6 - (-5 - -13). List the prime factors of (1 - (-3 + o/8))*174.
3, 29
Suppose 8 - 5 = -z. Let j be 3 - (z + (-1176)/3). Suppose 5*i - j = -88. What are the prime factors of i?
2, 31
What are the prime factors of 138/(-7)*(136 - 143)?
2, 3, 23
Let x(g) = -1016*g - 3255. What are the prime factors of x(-33)?
3, 10091
Let q(r) be the first derivative of 2*r**3/3 + 3*r**2/2 - r - 1649. Let l be -1 - (-1 + 0)*11. List the prime factors of q(l).
229
Let a(f) = -f**2 + 5*f + 6. Let o(i) = -9*i - 52. Let j be o(-7). Let z be a(j). Let k = 170 - z. What are the prime factors of k?
2, 5, 23
Let x be (-55 - -58)/((-3)/(-1021)). Suppose 5*y = 2*t + 2521 + x, -3*y - 3*t = -2142. List the prime factors of y.
2, 5, 71
Suppose 17*f + 18 = 18*f + 5*b, -5*f - 3*b + 24 = 0. Suppose 2*j = c - 1193, f*c = j + 1678 + 1896. List the prime factors of c.
3, 397
Suppose -4*f = 4*f + 1528. Let j = -31 - f. What are the prime factors of j?
2, 5
Suppose 304 = 5*l - 2*h, l - 128 = -l + 4*h. Let c = l - 47. Let n = c - -3. What are the prime factors of n?
2
Suppose -169*q + 1124234 = -20205 + 130101. What are the prime factors of q?
2, 3001
Suppose 30*r = -q + 26*r + 10270, -20552 = -2*q - 4*r. What are the prime factors of q?
2, 53, 97
Let w = 5915 - -367. List the prime factors of w.
2, 3, 349
Suppose -3*z = 2*p - 11432, -9*p + 11390 = -7*p - 4*z. What are the prime factors of p?
13, 439
Suppose 0 = -4*z + 304 + 276. Suppose 148 + 644 = 3*m. Let q = m - z. What are the prime factors of q?
7, 17
Let u = 28441 + -1469